44639?
3
What is the ten thousands digit of 4764549?
6
What is the millions digit of 2472338?
2
What is the units digit of 3325624?
4
What is the hundred thousands digit of 171208?
1
What is the hundred thousands digit of 307527?
3
What is the ten thousands digit of 875233?
7
What is the hundred thousands digit of 2309223?
3
What is the hundred thousands digit of 383142?
3
What is the units digit of 3995184?
4
What is the hundred thousands digit of 1176368?
1
What is the hundreds digit of 1681750?
7
What is the thousands digit of 1343330?
3
What is the millions digit of 2243150?
2
What is the ten millions digit of 18697150?
1
What is the thousands digit of 12838672?
8
What is the hundreds digit of 4608569?
5
What is the thousands digit of 111487?
1
What is the ten thousands digit of 6218309?
1
What is the units digit of 1883404?
4
What is the tens digit of 3022055?
5
What is the hundred thousands digit of 816861?
8
What is the tens digit of 27982505?
0
What is the units digit of 564910?
0
What is the millions digit of 3872474?
3
What is the ten thousands digit of 176006?
7
What is the hundred thousands digit of 943852?
9
What is the hundreds digit of 3037847?
8
What is the tens digit of 291484?
8
What is the tens digit of 7576202?
0
What is the thousands digit of 4938934?
8
What is the hundred thousands digit of 521221?
5
What is the tens digit of 2197342?
4
What is the tens digit of 57353?
5
What is the thousands digit of 18378578?
8
What is the tens digit of 11004660?
6
What is the tens digit of 439510?
1
What is the ten thousands digit of 413887?
1
What is the thousands digit of 398787?
8
What is the ten thousands digit of 1136523?
3
What is the hundreds digit of 1559076?
0
What is the thousands digit of 286537?
6
What is the ten thousands digit of 10699415?
9
What is the thousands digit of 6486286?
6
What is the tens digit of 1727365?
6
What is the hundred thousands digit of 101185?
1
What is the thousands digit of 679724?
9
What is the hundreds digit of 220592?
5
What is the hundred thousands digit of 2366270?
3
What is the tens digit of 377313?
1
What is the tens digit of 3214720?
2
What is the thousands digit of 836688?
6
What is the hundreds digit of 310933?
9
What is the hundred thousands digit of 110538?
1
What is the units digit of 199034?
4
What is the ten thousands digit of 129979?
2
What is the thousands digit of 3286455?
6
What is the ten thousands digit of 6187673?
8
What is the thousands digit of 274923?
4
What is the hundreds digit of 1972679?
6
What is the tens digit of 88048?
4
What is the hundred thousands digit of 1145495?
1
What is the hundreds digit of 3220327?
3
What is the hundred thousands digit of 8388696?
3
What is the millions digit of 2061833?
2
What is the hundreds digit of 1091132?
1
What is the millions digit of 11246629?
1
What is the tens digit of 1869082?
8
What is the hundreds digit of 9604871?
8
What is the hundred thousands digit of 5879535?
8
What is the hundred thousands digit of 13466923?
4
What is the ten thousands digit of 371810?
7
What is the ten thousands digit of 23199?
2
What is the hundreds digit of 4361931?
9
What is the ten thousands digit of 378587?
7
What is the thousands digit of 4795159?
5
What is the millions digit of 8444818?
8
What is the units digit of 127016?
6
What is the units digit of 388661?
1
What is the thousands digit of 436449?
6
What is the thousands digit of 2015734?
5
What is the thousands digit of 1256268?
6
What is the thousands digit of 14480260?
0
What is the tens digit of 6820631?
3
What is the units digit of 3277469?
9
What is the hundreds digit of 398691?
6
What is the units digit of 60116?
6
What is the thousands digit of 6458189?
8
What is the hundred thousands digit of 1312074?
3
What is the units digit of 389185?
5
What is the tens digit of 4520432?
3
What is the ten thousands digit of 2803017?
0
What is the hundred thousands digit of 155335?
1
What is the hundred thousands digit of 159727?
1
What is the thousands digit of 7091856?
1
What is the millions digit of 1579286?
1
What is the hundreds digit of 1342936?
9
What is the units digit of 1009354?
4
What is the hundreds digit of 113590?
5
What is the hundred thousands digit of 5788308?
7
What is the ten thousands digit of 8952420?
5
What is the ten thousands digit of 366820?
6
What is the ten thousands digit of 497746?
9
What is the hundreds digit of 32551038?
0
What is the tens digit of 4580520?
2
What is the thousands digit of 8572200?
2
What is the millions digit of 2923281?
2
What is the tens digit of 1378622?
2
What is the millions digit of 1347774?
1
What is the ten thousands digit of 402252?
0
What is the units digit of 21082959?
9
What is the thousands digit of 231937?
1
What is the tens digit of 58368?
6
What is the ten thousands digit of 350401?
5
What is the millions digit of 2385739?
2
What is the ten thousands digit of 15196307?
9
What is the tens digit of 1307979?
7
What is the hundreds digit of 3259644?
6
What is the thousands digit of 482623?
2
What is the ten thousands digit of 226195?
2
What is the tens digit of 205893?
9
What is the ten thousands digit of 6968441?
6
What is the units digit of 667065?
5
What is the ten thousands digit of 1191836?
9
What is the units digit of 163042?
2
What is the ten thousands digit of 2302550?
0
What is the units digit of 1729317?
7
What is the thousands digit of 8070152?
0
What is the units digit of 626344?
4
What is the thousands digit of 8265?
8
What is the thousands digit of 1380867?
0
What is the ten thousands digit of 3789232?
8
What is the ten thousands digit of 733858?
3
What is the hundreds digit of 99509?
5
What is the units digit of 19773540?
0
What is the millions digit of 1245790?
1
What is the hundred thousands digit of 574469?
5
What is the tens digit of 2882192?
9
What is the millions digit of 2664752?
2
What is the ten thousands digit of 1272081?
7
What is the thousands digit of 4116431?
6
What is the tens digit of 18610718?
1
What is the tens digit of 4860922?
2
What is the ten thousands digit of 669203?
6
What is the ten thousands digit of 1717450?
1
What is the tens digit of 934837?
3
What is the ten millions digit of 34907380?
3
What is the tens digit of 226911?
1
What is the thousands digit of 16175741?
5
What is the tens digit of 308665?
6
What is the units digit of 8252?
2
What is the units digit of 12146472?
2
What is the thousands digit of 584523?
4
What is the millions digit of 2386703?
2
What is the hundreds digit of 675286?
2
What is the hundred thousands digit of 1265092?
2
What is the hundred thousands digit of 1036087?
0
What is the thousands digit of 171743?
1
What is the ten thousands digit of 10699064?
9
What is the hundreds digit of 61308?
3
What is the hundreds digit of 158461?
4
What is the hundreds digit of 3102?
1
What is the hundreds digit of 28009?
0
What is the hundred thousands digit of 121569?
1
What is the thousands digit of 3024904?
4
What is the hundred thousands digit of 9132124?
1
What is the hundreds digit of 3904098?
0
What is the millions digit of 5463093?
5
What is the ten thousands digit of 832795?
3
What is the hundreds digit of 6476110?
1
What is the hundred thousands digit of 15683754?
6
What is the tens digit of 155040?
4
What is the hundreds digit of 2892680?
6
What is the hundred thousands digit of 279358?
2
What is the units digit of 460700?
0
What is the hundred thousands digit of 2493414?
4
What is the units digit of 1997488?
8
What is the ten thousands digit of 7907194?
0
What is the hundreds digit of 1555143?
1
What is the tens digit of 123714?
1
What is the units digit of 22326115?
5
What is the thousands digit of 824294?
4
What is the thousands digit of 1009772?
9
What is the units digit of 251297?
7
What is the thousands digit of 29999?
9
What is the thousands digit of 3075585?
5
What is the units digit of 368113?
3
What is the tens digit of 1886297?
9
What is the ten thousands digit of 1007145?
0
What is the hundred thousands digit of 280625?
2
What is the units digit of 14299141?
1
What is the hundreds digit of 2550030?
0
What is the hundreds digit of 2785811?
8
What is the hundreds digit of 1061905?
9
What is the units digit of 5185229?
9
What is the thousands digit of 173770?
3
Wh